divisor of 104 and y?
104
Let p(z) = 13*z**2 + 328*z + 183. Let o be p(-37). What is the highest common divisor of o and 12?
12
Suppose l - 8 = 2*v, -2*l - 2*l = 2*v + 8. Let g = 2 - v. Suppose -59 - 67 = -g*k. What is the highest common factor of k and 189?
21
Let q be (-26)/4*34476/(-2197). Calculate the highest common divisor of 930 and q.
6
Suppose -i = -4*o + 16, 14 = -o + 5*i - 1. Suppose 2*w - 5 = 7*w, 2*r - o = 3*w. Let f be ((-3)/4)/(r*3/(-60)). What is the highest common factor of f and 75?
15
Let v(z) = z**3 - 6*z**2 + 8*z - 4. Let t be v(6). Calculate the greatest common factor of 19118 and t.
22
Suppose p + 26 = 2*p. Let r = 279 + -276. Suppose -r*s + 58 = 6*f - 2*f, f = -3*s + 19. Calculate the greatest common divisor of f and p.
13
Let b(j) = j**2 - 6*j - 170. Let o be b(-24). Let k = o - 530. What is the highest common factor of 44 and k?
4
Let a(n) = -n**3 - 4*n**2 - 28*n - 41. Let d be a(-3). What is the highest common factor of d and 18649?
17
Let b(v) = 2*v**3 + 32*v**2 + 117*v + 10. Let r be b(-8). Calculate the greatest common factor of 322 and r.
14
Let a be 0 - (-30)/(-35)*28/6. Let c be -1258*1/(-22) + a/22. What is the greatest common factor of c and 456?
57
Suppose -80*j + 86537 + 24983 = 0. What is the highest common divisor of j and 205?
41
Suppose 800*q - 6138 = 778*q. Calculate the highest common divisor of 63 and q.
9
Let y be ((-347)/(-2))/(4 + (-115)/30). Suppose -757 - y = -29*g. What is the greatest common factor of g and 496?
62
Suppose 5*y - 41*d + 45*d = 105668, y = 8*d + 21204. Calculate the highest common divisor of y and 84.
28
Let y(f) = -f**3 + 34*f**2 - 34*f - 3. Let p be y(33). Let w be -2 + (-944)/p + 2/(-9). Let j = 78 - -6. What is the highest common factor of j and w?
12
Let t be 9/63*14 - -61. Calculate the highest common divisor of t and 4305.
21
Let m = -376 + 377. Let h be (12 - 10) + 194/m. What is the greatest common factor of 70 and h?
14
Let u be 1/(9/18 - (-502)/(-1012)). What is the greatest common factor of 22 and u?
11
Let z be 16/(-12)*3729/(-88) - 10/(-20). Let p be ((-8)/(-12))/((-2)/(-798)). What is the highest common factor of p and z?
19
Let h(j) = j - 4. Let v be h(4). Let g = 18 + v. Let l(d) = -46*d + 4832. Let x be l(105). Calculate the highest common divisor of x and g.
2
Let o be (-11 + 2)*((-20)/9 - -2). Suppose -5*x - 3*y = -465, x + o*x - 285 = -3*y. What is the highest common factor of x and 10?
10
Let q = -9 + 3. Let z = q - -19. Suppose 0 = 2*s + 301 - 379. What is the greatest common divisor of z and s?
13
Suppose -4*s - 4*f + 14 = -82, -117 = -5*s - 4*f. Suppose s*i - 598 - 557 = 0. Calculate the highest common divisor of i and 55.
55
Let h(o) = o**2 + 4*o - 6. Let f be h(0). Let p be 0 + (7 - (2 - (f - -4))). Suppose n - p*n + 12 = 0. Calculate the highest common factor of 15 and n.
3
Let n be (-1)/(2/(-166)) - 10/(-2). Suppose -3*l + 6 = -0, 5*r = -5*l + 90. What is the highest common factor of r and n?
8
Suppose 2*x - 2*g - 3150 = 0, -g + 4755 = 3*x + 2*g. Calculate the greatest common divisor of x and 5.
5
Let g(b) = -497*b - 5269. Let w be g(-11). What is the highest common factor of w and 418?
22
Suppose 684 = 5*m - x, -m + 2*m = -3*x + 124. Suppose -2*a = 3*k - 87, -3*a + 2*k + m = -1. Calculate the highest common factor of a and 3.
3
Let o = 5265 + -5209. Calculate the greatest common divisor of o and 42.
14
Let b = 8 - 8. Suppose b = 5*n - 3*n + 12. Let d(m) = -5*m - 20. Let x be d(n). What is the highest common divisor of 4 and x?
2
Let b(x) = -32*x + 112. Suppose 0 = -3*a - 3, 4*a - 9 + 4 = -3*d. Let u be b(d). Calculate the highest common divisor of u and 568.
8
Let g be 356970/657 + (10/24 - (-1)/4). Let z(v) = v**3 + 5*v**2 - 2*v + 7. Let k be z(-5). Calculate the highest common factor of g and k.
17
Suppose 25*i = 24*i + 3, 3*i = s + 1. Suppose -s*x = 3 - 579. What is the greatest common divisor of x and 72?
72
Let x(b) = b**2 - 28*b + 138. Let f be ((-18)/(-10))/(84/280). Let l be x(f). Calculate the highest common divisor of 123 and l.
3
Suppose -2*n = -a + 333, -3*a - 2*n = a - 1382. What is the highest common factor of 245 and a?
49
Let a be 2 + 1*-15 + (0 - 3). Let n(j) = j**2 + 18*j + 65. Let g be n(a). What is the greatest common divisor of 6 and g?
3
Let u be (-2)/(0 - 4/(-6)). Let x be 2/((u + 5)/26). Let c be (-6)/3 - 1 - -40 - -2. Calculate the greatest common divisor of x and c.
13
Suppose -2*b + 4*v = 9*v, -24 = -2*b + v. Let q be 8 - b - (-6 - 17). Calculate the highest common factor of q and 3.
3
Suppose -4*p + 51 + 9 = 0. Let x = 128 - 303. Let i = x - -190. Calculate the greatest common factor of i and p.
15
Suppose -4*t = -5*o - 169, -t = 3*t + 5*o - 119. Let y be (t/7)/((-10)/(-70)). Calculate the greatest common factor of 576 and y.
36
Let l = -14 - -20. Let t(r) = -30*r**2 + 3*r - 2. Let m be t(1). Let w = m + 35. Calculate the greatest common divisor of l and w.
6
Let f = 33457 + -26626. What is the greatest common factor of f and 33?
33
Let c(w) = -w**3 + 11*w**2 + 25*w + 20. Let x be c(13). Suppose 0 = -x*a + 96 + 114. What is the greatest common divisor of 6 and a?
6
Suppose 4*q - 4143 = -3*f, -3*f + 12*q + 4161 = 13*q. What is the highest common divisor of f and 6?
3
Let l be (5120/800)/(9/(85320/32)). Let p be -48*(-1 + (-2)/(-4)). What is the greatest common divisor of l and p?
24
Let p be 1140/75 + -2*6/60. Calculate the highest common divisor of p and 45.
15
Let a(i) = 45*i**2 + 85*i + 359. Let s be a(-7). Calculate the highest common divisor of s and 77.
11
Suppose -121*r + 124*r - 140 = 4*f, 3*r + 3*f - 105 = 0. Let z = -10 + 18. Calculate the greatest common factor of z and r.
8
Let i = -9249 - -16334. What is the greatest common factor of 109 and i?
109
Suppose 285 = -4*x + 9*x. Suppose 11*v + 4 - 213 = 0. Calculate the highest common factor of x and v.
19
Let b = -715 + 784. Suppose -3*n - b = -150. What is the greatest common factor of n and 3?
3
Suppose -3*w + 247 = -230. Suppose 0 = -15*j - w + 594. Calculate the greatest common factor of j and 493.
29
Let n = -472 + 484. Let o(m) = -64 + 12*m - 63 + 151. Let g be o(7). Calculate the highest common factor of n and g.
12
Let t(a) = 37*a + 12. Let j be t(2). Suppose -z + j = k - 53, 0 = -z + 2*k + 151. Let w = -12 + 25. What is the greatest common divisor of z and w?
13
Let t = 5804 - 3724. Calculate the greatest common divisor of 65 and t.
65
Suppose 283*g - 270*g = 312. Calculate the greatest common divisor of g and 10.
2
Let i = -25 + 19. Let p = i + 10. Let y(d) = -d**2 + 6*d + 8. Let r be y(p). Calculate the highest common factor of 112 and r.
16
Suppose 367767 = 94*l - 1127209. Calculate the highest common divisor of 32 and l.
32
Suppose 171*c - 4055 = 3303 + 29920. Calculate the highest common factor of 3 and c.
1
Suppose 0 = h + h + 5*w - 16, -2*w + 8 = h. Suppose -56 = -h*g + 24. Let b(s) = 6*s - 15. Let x be b(g). What is the highest common divisor of 18 and x?
9
Let r be 1 + -1 + 1 - -1. Let p(q) = 2*q**2 - 4*q + 2. Let w be p(r). Suppose 59 = y - 62 + 115. Calculate the highest common divisor of w and y.
2
Suppose 3037 + 12835 = -16*a. Let p = a + 1460. Calculate the greatest common divisor of p and 72.
36
Let c(m) = m**3 + 12*m**2 - 26*m - 46. Let o be c(-12). What is the highest common factor of 342 and o?
38
Let q = 1731 + -1695. What is the highest common divisor of 68 and q?
4
Suppose 21 = -4*s + 17. Let y be (1929 - (s + 0)) + -5. Calculate the greatest common divisor of 55 and y.
55
Let l be (20/(-70))/(1/(-63)). What is the greatest common factor of 90 and l?
18
Let b(j) = -11*j + 172. Let s be b(1). What is the highest common factor of s and 23?
23
Let f = 48 - -87. Suppose -405 = 5*b + f. Let g = -77 - b. Calculate the highest common divisor of g and 279.
31
Suppose -250 = -19*g + 149. Suppose -10*t + g*t = 6006. Calculate the greatest common divisor of 14 and t.
14
Suppose 4*z + 869 - 89 = 0. Let b = -83 - z. Let v = -212 + 226. Calculate the greatest common factor of v and b.
14
Let u = -451 - -451. Let d be (-280)/40 + (u - -32). What is the greatest common divisor of 125 and d?
25
Let n(d) = -184*d + 9226. Let w be n(50). What is the highest common divisor of 1417 and w?
13
Let y be 16/((-832)/(-316979)) - 6/8. What is the greatest 